8 = 0. Suppose -1550 = -9*l + 4*l + g*c, -2*l - 5*c = -641. What are the prime factors of l?
313
Let y(u) = 175*u + 9 - 5 - 2. List the prime factors of y(2).
2, 11
Suppose 4*l + 5*c = 758, 10*c + 418 = 2*l + 6*c. What are the prime factors of l?
197
Let l(v) = 55 - v**2 + 436 + 461 + 5*v - 39*v - 4*v. What are the prime factors of l(0)?
2, 7, 17
Let l be ((-16)/(-16))/(2/26). Suppose -7*w = -l*w + 162. What are the prime factors of -93*(-3)/(w/15)?
5, 31
Let n = 37 - 23. Let s = 15 - n. What are the prime factors of (3 - s) + 2 - -48?
2, 13
Let g = 23282 + -16161. What are the prime factors of g?
7121
Let x(s) = -s + 12. Let o be x(5). Suppose o*f = 4*f. Suppose -3*r - 5*p = -282, -3*r - 4*p + 7*p + 258 = f. What are the prime factors of r?
89
Suppose -101*j + 104*j = -5*a + 418005, 0 = 3*j. List the prime factors of a.
3, 7, 1327
Let m = -160 + -233. Let u = m - -796. What are the prime factors of u?
13, 31
Let f(r) = 28*r + 45. Let u(d) = -41*d - 66. Let o(z) = -7*f(z) - 5*u(z). List the prime factors of o(3).
2, 3, 7
Let r(s) = -s**3 + 23*s**2 - 35*s - 8. Suppose -5*z + 91 = -z + 5*b, 3*b - 9 = 0. List the prime factors of r(z).
3, 257
Let l(a) = -3*a**3 - 8*a**2 - 17*a + 6. Let d(i) = 2*i**3 + 4*i**2 + 8*i - 3. Let q(c) = 7*d(c) + 4*l(c). List the prime factors of q(6).
3, 73
Let g(d) = 556*d**2 - 10*d - 7. What are the prime factors of g(5)?
109, 127
List the prime factors of ((-45)/60*479)/(12/(-896)).
2, 7, 479
Suppose -6268 = 11*g + 3247. Let n = g - -1435. Suppose j - n = -4*j. List the prime factors of j.
2, 3, 19
Let f(a) = -80*a + 19. Let j(q) = -6*q + 16. Let h be j(3). List the prime factors of f(h).
179
Suppose 63*y = 58*y - 10. Let l be 7 + -3 + (y - 2). Suppose l = t - 185 + 48. What are the prime factors of t?
137
Let v = -138 + 143. Suppose v*z - 1585 = -3*b, -20*z + 16*z + 2*b + 1290 = 0. What are the prime factors of z?
2, 5
Let a(o) = o**3 + 2*o**2 - 29*o - 12. Let v be a(-6). Suppose 1609 - 11365 = -v*l. List the prime factors of l.
2, 271
Let a = 309 + -302. Let c(l) = 3*l**3 - 9*l**2 - 11*l + 16. List the prime factors of c(a).
17, 31
Let v be (5 + 3 - 3) + -2. Let t be 2 - -2 - 21*13/v. Let w = -63 - t. List the prime factors of w.
2, 3
Let o(i) = 9*i - 6. Let v be o(-11). What are the prime factors of (-5894)/(-4) + v/210?
3, 491
Let c(k) = -14983*k + 310. List the prime factors of c(-1).
41, 373
Let i(d) = -d**3 - 3*d**2 - 35*d - 18. Let m(j) = 4*j**2 - 26*j + 6. Let f be m(6). List the prime factors of i(f).
2, 3, 5
Let c be 275/99 - (-8)/36. List the prime factors of (6 - 3)/c*472.
2, 59
Let r = -347 + 355. Suppose -s + 531 = r*s. List the prime factors of s.
59
Suppose 96*w = -513743 + 1883471. What are the prime factors of w?
2, 3, 29, 41
Suppose 0 = 35*r - 3*r. Suppose r = -6*v + 505 + 839. List the prime factors of v.
2, 7
Let x = 205 + -107. What are the prime factors of (-28)/x + (-3096)/(-7) + -2?
2, 5, 11
Let b be ((-5)/5)/((-2)/28). Suppose 5*r - 20 = -10. Suppose -x = -3*v - 11 - 6, r*x = -4*v + b. What are the prime factors of x?
11
Let o = 7 + 39. Suppose -o*u + 49*u = -282. Let b = 169 + u. List the prime factors of b.
3, 5
Suppose 2*j - 556 = -3*v - 3*j, -5*v + 930 = 5*j. Let d = 299 - v. What are the prime factors of d?
2, 7
Let y = -445 - -266. Let d = y - -86. Let b = d - -100. List the prime factors of b.
7
Let n = 122 + -117. Suppose -n*c = -7*c + 652. What are the prime factors of c?
2, 163
Suppose -20 = -2*k + 4*r, -k - 6*r = -r - 31. Let u be (-3)/(-12) - 1*(-316)/k. What are the prime factors of 563/5 - 12/u?
2, 7
Let l = 56 - 70. Let w be l*((-6)/(-4) + -1 - 0). What are the prime factors of (-4)/w + (-311)/(-7)?
3, 5
Suppose 8*f + f + 891 = 0. Let r = f - -96. What are the prime factors of 97 - (r + 5 + 1)?
2, 47
List the prime factors of ((-12)/144)/1 + -1498*226/(-48).
3, 2351
Let h = -6377 - -9474. Let l = h - 1232. List the prime factors of l.
5, 373
Suppose 3*p = -h + 5537 + 4278, 4*p + 19650 = 2*h. What are the prime factors of h?
7, 23, 61
Suppose 5*a = 4*s + 20063, 134*a - 137*a = 4*s - 12025. What are the prime factors of a?
3, 7, 191
Suppose 4*n = -2*w + 23398, 40 - 35 = 5*n. List the prime factors of w.
3, 7, 557
Let z be 4 + -4 + 12/(-4). Let x be (z + (-20)/(-8))*-4. Suppose -58 - 124 = -x*m. List the prime factors of m.
7, 13
Let f(z) = -11*z - 17. Let o be f(-19). Let i = -183 + o. What are the prime factors of i?
3
Suppose 2*o - 1157 = -433. Suppose 32*q = 34*q - o. Suppose -q*m = -176*m - 275. What are the prime factors of m?
5, 11
Let f = -2945 - -21299. What are the prime factors of f?
2, 3, 7, 19, 23
Let l(d) = -d + 4. Let u be l(0). Let j(s) = 16*s + 4 + 5*s + 0 + 4. What are the prime factors of j(u)?
2, 23
Let c be (11 - 0)/((-2)/(-332)*2). Let w = -337 + c. Suppose -4*m = 4*i - w, -303 = -2*m - 5*i - 0*i. What are the prime factors of m?
139
Suppose -3*i = -0 - 6. Suppose -s = 1, -4*m + m + 632 = -i*s. Suppose -246 = -3*b + 4*z, -5*b + m + 226 = 2*z. List the prime factors of b.
2, 43
Let r(k) = k**3 - 5*k**2 - 5*k + 5. Let y be r(6). Suppose 174 = 23*c - 56. Suppose -y*x + 82 = -c*x. What are the prime factors of x?
2, 41
Let t be (-2)/(-3) + (-323)/57. Let i(u) = -7*u**3 - 3*u**2 + 21*u + 5. What are the prime factors of i(t)?
2, 5, 7
Suppose 4*f - 3*n - 227634 = 65313, 0 = 2*n - 6. List the prime factors of f.
3, 24413
Let l = -268 + 259. Let y(u) = -u**3 - 5*u**2 + 13*u + 35. What are the prime factors of y(l)?
2, 11
Let z be (-4640)/(-5) + ((-12)/3)/4. Suppose 4*f - z = -h, -4*h - 240 = -f - 21. List the prime factors of f.
3, 7, 11
Suppose 0 = -5*v - 2*l + 230, 4*v - 2*l - 217 = 3*l. Suppose y + 24 = v. Suppose -151 = -q - y. What are the prime factors of q?
127
Let p = -25972 - -49333. List the prime factors of p.
3, 13, 599
Let a = -17798 + 47580. What are the prime factors of a?
2, 14891
List the prime factors of (-6207)/(-1) + (3 - 14).
2, 1549
Suppose -4*d - 27 + 31 = 0. List the prime factors of d + (-8 - -2) + (-875)/(-1).
2, 3, 5, 29
Let o = 40334 - -14953. List the prime factors of o.
3, 6143
Let x(i) = 11*i**2 + 18*i + 33. What are the prime factors of x(22)?
11, 523
Let q(k) = -4*k - 86. Let t be q(-7). Let i = t - -101. What are the prime factors of i?
43
List the prime factors of ((-22041)/18)/(3*(-4)/72).
3, 31, 79
Let a(s) = 2*s**3 + 174*s**2 - 85*s + 869. List the prime factors of a(-87).
2, 1033
Suppose -u = -2*u - 5*j + 227, 3*u - 653 = -j. Let h = u - 154. What are the prime factors of h?
3, 7
Let f be 3/(-12) + 3*3665/60. Let o = 280 - f. What are the prime factors of o?
97
Let h = -809 - -802. List the prime factors of ((-98)/(-21))/h*-300.
2, 5
Let y = -17656 + 19012. What are the prime factors of y?
2, 3, 113
Let w be 35*(8 - (7 + -4)). Let y = -75 + w. Suppose 0 = 4*v + 3*p - 148, -y = -2*v - 0*p + 5*p. List the prime factors of v.
2, 5
What are the prime factors of 31/((-341)/(-66)) - -1*6893?
6899
Let f(s) be the third derivative of 3*s**4/8 + 17*s**3/6 + 58*s**2. What are the prime factors of f(16)?
7, 23
Let k(a) = 7319*a + 497. What are the prime factors of k(2)?
3, 5, 1009
Suppose 4*d = 8, 6*q - 5*q - 4*d = 831. Suppose -2*w = 5*k - 1276, -3*w - 333 = 2*k - q. What are the prime factors of k?
2
Let t be 18/(-27) + -3265*(-1)/(-3). Let z = 1741 + t. What are the prime factors of z?
2, 163
Let j(a) = a - 13. Let r be j(15). Suppose -r*o - 2 = 0, 5*z + o = -0*z + 19. What are the prime factors of ((-140)/21)/(z/(-6))?
2, 5
Let t(m) = -m**2 - 7*m - 6. Let p be t(-4). Suppose 0 = p*h - 161 - 325. Let u = -43 + h. What are the prime factors of u?
2, 19
Let p = -383 + 281. Let c = p - -132. What are the prime factors of c?
2, 3, 5
Let g be 2/3 + 16/(672/(-70)). List the prime factors of (-84 + 83)/(g/976).
2, 61
Suppose 24298 = 2*i - 4*a, -3*i + 5*a + 10208 + 26233 = 0. List the prime factors of i.
53, 229
Let n(l) = 1064*l**3 - 4*l**2 + 7*l - 12. List the prime factors of n(3).
3, 1063
Let x be (-33)/22*(-20)/6. Suppose -u - 2*n + 15 = x, 4 = n. Suppose -56 = u*a - 148. What are the prime factors of a?
2, 23
Suppose -5*q = 5*o + 5, -2*q + q = 3*o - 7. Let a be o - 0/(3/3). Suppose 2*l - a*h = 176, 5*l - 3*h + 0*h = 426. List the prime factors of l.
2, 3, 7
Let r(x) = 53*x**3 + 7*x**2 - 43*x + 83. What are the prime factors of r(5)